ase 15) to base 7.
-15
-59 (base 15) to base 9
-103
What is 7 (base 12) in base 10?
7
Convert -10112 (base 4) to base 14.
-15c
Convert 0 (base 6) to base 10.
0
What is -19 (base 16) in base 11?
-23
b0 (base 15) to base 5
1130
Convert -2 (base 16) to base 15.
-2
Convert -14 (base 12) to base 6.
-24
What is 20 (base 3) in base 4?
12
What is 4 (base 14) in base 2?
100
31 (base 5) to base 9
17
What is 0 (base 7) in base 4?
0
Convert 3 (base 15) to base 14.
3
-3 (base 15) to base 16
-3
Convert -13 (base 13) to base 9.
-17
20 (base 15) to base 4
132
-302 (base 5) to base 12
-65
What is 1d (base 15) in base 9?
31
What is 5 (base 13) in base 15?
5
Convert -1a1 (base 14) to base 7.
-661
-33 (base 16) to base 7
-102
Convert -11 (base 9) to base 3.
-101
-100011 (base 2) to base 14
-27
Convert -10221 (base 3) to base 15.
-71
36 (base 9) to base 10
33
Convert -12 (base 11) to base 8.
-15
Convert 42 (base 12) to base 11.
46
Convert -240 (base 5) to base 16.
-46
Convert -14 (base 12) to base 6.
-24
100 (base 3) to base 12
9
What is 242 (base 5) in base 7?
132
-136 (base 10) to base 14
-9a
Convert -101 (base 3) to base 2.
-1010
What is -3 (base 9) in base 16?
-3
What is -10 (base 12) in base 2?
-1100
Convert 13 (base 12) to base 13.
12
What is 12 (base 13) in base 16?
f
What is a (base 15) in base 6?
14
What is 220 (base 3) in base 12?
20
-5 (base 14) to base 16
-5
4 (base 14) to base 6
4
What is 2 (base 16) in base 11?
2
Convert -3d (base 15) to base 3.
-2011
What is -46 (base 16) in base 3?
-2121
What is -4 (base 15) in base 5?
-4
384 (base 10) to base 6
1440
Convert -53 (base 8) to base 9.
-47
1 (base 14) to base 5
1
0 (base 13) to base 14
0
-66 (base 15) to base 5
-341
15 (base 15) to base 4
110
What is -9c (base 13) in base 5?
-1004
What is -116 (base 11) in base 6?
-350
Convert -6 (base 7) to base 4.
-12
Convert -574 (base 8) to base 3.
-112002
-3 (base 14) to base 2
-11
Convert 0 (base 12) to base 4.
0
Convert -101 (base 2) to base 13.
-5
-1010 (base 2) to base 3
-101
0 (base 10) to base 9
0
Convert 1 (base 6) to base 7.
1
18 (base 15) to base 14
19
Convert 3 (base 7) to base 2.
11
What is -24 (base 5) in base 4?
-32
-2 (base 12) to base 14
-2
Convert 132 (base 4) to base 16.
1e
What is 2 (base 8) in base 12?
2
What is 138 (base 16) in base 2?
100111000
-3 (base 6) to base 10
-3
What is 10021 (base 3) in base 5?
323
Convert -74 (base 9) to base 4.
-1003
What is -38 (base 13) in base 15?
-32
What is -5 (base 6) in base 2?
-101
-20 (base 3) to base 2
-110
Convert 0 (base 3) to base 5.
0
What is -3 (base 12) in base 11?
-3
What is 5e (base 16) in base 11?
86
Convert 10100010 (base 2) to base 4.
2202
-97 (base 15) to base 6
-354
Convert -1 (base 8) to base 2.
-1
Convert 1e (base 16) to base 12.
26
Convert 10 (base 12) to base 4.
30
What is 16 (base 8) in base 5?
24
What is 3 (base 11) in base 12?
3
Convert 44 (base 11) to base 13.
39
17 (base 8) to base 6
23
Convert 103 (base 6) to base 10.
39
-22 (base 3) to base 5
-13
Convert -16 (base 10) to base 9.
-17
-2 (base 13) to base 9
-2
Convert 21 (base 3) to base 6.
11
2 (base 15) to base 7
2
Convert -3 (base 7) to base 6.
-3
Convert -15 (base 10) to base 3.
-120
What is -8b (base 16) in base 6?
-351
What is -1223 (base 4) in base 14?
-79
-79 (base 15) to base 13
-8a
136 (base 7) to base 13
5b
c (base 16) to base 9
13
What is c (base 13) in base 6?
20
Convert -15 (base 9) to base 5.
-24
-24 (base 6) to base 3
-121
-19 (base 12) to base 16
-15
Convert -80 (base 13) to base 6.
-252
Convert 121 (base 12) to base 11.
144
38 (base 9) to base 12
2b
What is -26 (base 11) in base 9?
-31
Convert -21 (base 4) to base 11.
-9
Convert -1 (base 11) to base 12.
-1
420 (base 6) to base 4
2130
Convert -5 (base 10) to base 7.
-5
Convert 15 (base 13) to base 4.
102
What is -2 (base 10) in base 13?
-2
Convert -13 (base 12) to base 4.
-33
-33 (base 16) to base 13
-3c
-11 (base 8) to base 2
-1001
100 (base 12) to base 13
b1
Convert 6b (base 13) to base 4.
1121
What is 260 (base 8) in base 15?
bb
3 (base 11) to base 10
3
1 (base 16) to base 10
1
What is 0 (base 15) in base 9?
0
What is 1112 (base 5) in base 2?
10011101
Convert 3 (base 13) to base 11.
3
What is -10010110 (base 2) in base 10?
-150
What is 19 (base 16) in base 5?
100
What is 6 (base 11) in base 13?
6
What is -181 (base 14) in base 7?
-621
What is 137 (base 16) in base 13?
1ac
What is 105 (base 7) in base 3?
2000
Convert -100000 (base 2) to base 6.
-52
-10010 (base 3) to base 2
-1010100
Convert -3 (base 10) to base 15.
-3
Convert 2 (base 10) to base 3.
2
Convert -22 (base 14) to base 9.
-33
Convert 20 (base 6) to base 13.
c
4 (base 14) to base 7
4
What is -41 (base 6) in base 10?
-25
What is -3 (base 15) in base 9?
-3
What is 75 (base 13) in base 9?
116
What is -2 (base 4) in base 5?
-2
What is 1 (base 10) in base 13?
1
-15 (base 7) to base 8
-14
-176 (base 11) to base 6
-540
What is 0 (base 2) in base 9?
0
Convert 53 (base 16) to base 15.
58
What is -10 (base 5) in base 4?
-11
What is -56 (base 13) in base 12?
-5b
Convert a8 (base 16) to base 10.
168
Convert -a (base 11) to base 3.
-101
-1 (base 5) to base 3
-1
14 (base 7) to base 9
12
What is -4 (base 13) in base 15?
-4
Convert 4 (base 12) to base 13.
4
Convert 223 (base 4) to base 10.
43
1 (base 6) to base 5
1
45 (base 10) to base 7
63
What is 6 (base 15) in base 14?
6
Convert 2 (base 11) to base 6.
2
What is 1 (base 15) in base 7?
1
-101 (base 3) to base 15
-a
What is -1 (base 5) in base 13?
-1
What is -116 (base 8) in base 3?
-2220
What is -13 (base 16) in base 9?
-21
8 (base 14) to base 7
11
-6 (base 15) to base 11
-6
Convert -14 (base 15) to base 14.
-15
Convert 5 (base 8) to base 9.
5
What is 443 (base 5) in base 4?
1323
Convert -78 (base 12) to base 7.
-161
Convert 11 (base 12) to base 14.
d
10 (base 6) to base 12
6
-162 (base 7) to base 10
-93
What is -101101010 (base 2) in base 11?
-2aa
What is -110 (base 2) in base 3?
-20
-4e (base 15) to base 12
-62
What is 1b (base 16) in base 5?
102
2 (base 11) to base 4
2
-111 (base 4) to base 13
-18
What is 125 (base 7) in base 9?
75
-94 (base 11) to base 10
-103
What is -2200 (base 3) in base 7?
-132
2 (base 12) to base 6
2
What is 3 (base 15) in base 12?
3
-87 (base 9) to base 3
-2221
What is -20a (base 11) in base 13?
-165
What is -12c (base 13) in base 5?
-1312
-3 (base 16) to base 9
-3
Convert 0 (base 10) to base 14.
0
-1330 (base 4) to base 12
-a4
-2 (base 12) to base 8
-2
-14 (base 5) to base 15
-9
-2 (base 3) to base 4
-2
Convert 200 (base 7) to base 6.
242
Convert 18 (base 9) to base 10.
17
What is 371 (base 8) in base 5?
1444
What is 47 (base 14) in base 13?
4b
Convert 3 (base 14) to base 13.
3
What is 101 (base 2) in base 11?
5
What is -2 (base 3) in base 8?
-2
8 (base 14) to base 9
8
Convert -2 (base 12) to base 9.
-2
What is -100 (base 2) in base 12?
-4
What is -14 (base 16) in base 14?
-16
What is 23 (base 13) in base 14?
21
-1 (base 14) to base 4
-1
Convert 24 (base 6) to base 15.
11
Convert 4 (base 12) to base 16.
4
20 (base 4) to base 3
22
-5 (base 10) to base 16
-5
Convert -36 (base 7) to base 16.
-1b
What is -26 (base 13) in base 8?
-40
What is -67 (base 16) in base 5?
-403
What is -2 (base 10) in base 7?
-2
Convert 1 (base 9) to base 11.
1
What is 1013 (base 4) in base 10?
71
Convert -1 (base 7) to base 10.
-1
-2 (base 13) to base 15
-2
What is 2 (base 11) in base 10?
2
11010101 (base 2) to base 16
d5
Convert -110 (base 6) to base 15.
-2c
Convert 62 (base 12) to base 6.
202
What is 1c (base 13) in base 10?
25
What is -41 (base 6) in base 2?
-11001
What is -14 (base 13) in base 11?
-16
What is 1015 (base 7) in base 12?
257
Convert 60 (base 12) to base 9.
80
Convert 3 (base 7) to base 13.
3
Convert -3 (base 8) to base 5.
-3
Convert 1 (base 3) to base 10.
1
66 (base 11) to base 14
52
What is -1 (base 11) in base 15?
-1
233 (base 7) to base 10
122
What is 312 (base 8) in base 2?
11001010
What is 3 (base 15) in base 13?
3
What is 2133 (base 4) in base 8?
237
Convert 1 (base 12) to base 7.
1
2 (base 14) to base 8
2
What is 1010 (base 2) in base 13?
a
What is 34 (base 5) in base 11?
18
Convert -66 (base 11) to base 2.
-1001000
Convert -6 (base 14) to base 10.
-6
What is 1 (base 5) in base 2?
1
-231 (base 8) to base 12
-109
Convert 27 (base 14) to base 